 the remainder when 544 is divided by 32?
0
Calculate the remainder when 160 is divided by 54.
52
Calculate the remainder when 3035 is divided by 14.
11
Calculate the remainder when 486 is divided by 471.
15
What is the remainder when 657 is divided by 6?
3
Calculate the remainder when 686 is divided by 9.
2
What is the remainder when 157 is divided by 102?
55
Calculate the remainder when 131 is divided by 54.
23
Calculate the remainder when 75 is divided by 24.
3
Calculate the remainder when 2024 is divided by 203.
197
What is the remainder when 3129 is divided by 18?
15
Calculate the remainder when 93 is divided by 24.
21
Calculate the remainder when 1839 is divided by 66.
57
Calculate the remainder when 1211 is divided by 3.
2
What is the remainder when 4777 is divided by 13?
6
What is the remainder when 203 is divided by 51?
50
What is the remainder when 3773 is divided by 754?
3
What is the remainder when 230 is divided by 21?
20
Calculate the remainder when 78 is divided by 2.
0
What is the remainder when 171 is divided by 88?
83
Calculate the remainder when 572 is divided by 41.
39
Calculate the remainder when 433 is divided by 44.
37
What is the remainder when 225 is divided by 206?
19
Calculate the remainder when 3345 is divided by 24.
9
Calculate the remainder when 2019 is divided by 657.
48
What is the remainder when 1733 is divided by 571?
20
What is the remainder when 2497 is divided by 50?
47
What is the remainder when 602 is divided by 110?
52
What is the remainder when 128 is divided by 11?
7
Calculate the remainder when 194 is divided by 49.
47
What is the remainder when 1145 is divided by 82?
79
What is the remainder when 627 is divided by 30?
27
What is the remainder when 95 is divided by 24?
23
Calculate the remainder when 116 is divided by 78.
38
What is the remainder when 250 is divided by 38?
22
What is the remainder when 196 is divided by 16?
4
Calculate the remainder when 132 is divided by 11.
0
Calculate the remainder when 161 is divided by 89.
72
Calculate the remainder when 2373 is divided by 66.
63
Calculate the remainder when 445 is divided by 428.
17
What is the remainder when 409 is divided by 85?
69
What is the remainder when 159 is divided by 16?
15
What is the remainder when 174 is divided by 10?
4
Calculate the remainder when 75 is divided by 26.
23
What is the remainder when 89 is divided by 18?
17
Calculate the remainder when 57 is divided by 24.
9
What is the remainder when 30 is divided by 3?
0
What is the remainder when 272 is divided by 78?
38
What is the remainder when 836 is divided by 21?
17
Calculate the remainder when 3143 is divided by 143.
140
Calculate the remainder when 324 is divided by 81.
0
Calculate the remainder when 380 is divided by 55.
50
Calculate the remainder when 133 is divided by 8.
5
What is the remainder when 16679 is divided by 120?
119
Calculate the remainder when 588 is divided by 147.
0
What is the remainder when 34 is divided by 7?
6
What is the remainder when 205 is divided by 44?
29
What is the remainder when 9557 is divided by 8?
5
What is the remainder when 1221 is divided by 34?
31
What is the remainder when 412 is divided by 100?
12
What is the remainder when 104 is divided by 19?
9
Calculate the remainder when 142 is divided by 40.
22
Calculate the remainder when 2866 is divided by 151.
148
What is the remainder when 1399 is divided by 40?
39
What is the remainder when 184 is divided by 19?
13
Calculate the remainder when 4095 is divided by 2.
1
Calculate the remainder when 8159 is divided by 26.
21
Calculate the remainder when 249 is divided by 12.
9
What is the remainder when 2238 is divided by 202?
16
Calculate the remainder when 296 is divided by 40.
16
What is the remainder when 6526 is divided by 34?
32
What is the remainder when 115 is divided by 17?
13
What is the remainder when 473 is divided by 9?
5
Calculate the remainder when 16 is divided by 8.
0
What is the remainder when 74 is divided by 38?
36
Calculate the remainder when 15367 is divided by 10.
7
What is the remainder when 110 is divided by 3?
2
What is the remainder when 155 is divided by 12?
11
What is the remainder when 162 is divided by 147?
15
Calculate the remainder when 1690 is divided by 154.
150
Calculate the remainder when 18 is divided by 2.
0
What is the remainder when 1070 is divided by 37?
34
What is the remainder when 27473 is divided by 157?
155
What is the remainder when 70 is divided by 12?
10
Calculate the remainder when 186 is divided by 47.
45
Calculate the remainder when 93 is divided by 29.
6
What is the remainder when 183 is divided by 29?
9
What is the remainder when 286 is divided by 27?
16
What is the remainder when 2097 is divided by 28?
25
What is the remainder when 183 is divided by 111?
72
What is the remainder when 49 is divided by 6?
1
Calculate the remainder when 1726 is divided by 11.
10
Calculate the remainder when 68 is divided by 15.
8
Calculate the remainder when 141 is divided by 42.
15
Calculate the remainder when 250 is divided by 37.
28
Calculate the remainder when 131 is divided by 40.
11
What is the remainder when 602 is divided by 34?
24
Calculate the remainder when 14909 is divided by 142.
141
Calculate the remainder when 328 is divided by 199.
129
Calculate the remainder when 133 is divided by 77.
56
What is the remainder when 985 is divided by 35?
5
Calculate the remainder when 254 is divided by 219.
35
Calculate the remainder when 647 is divided by 7.
3
Calculate the remainder when 339 is divided by 38.
35
Calculate the remainder when 8618 is divided by 9.
5
Calculate the remainder when 63 is divided by 8.
7
What is the remainder when 574 is divided by 142?
6
What is the remainder when 33 is divided by 18?
15
What is the remainder when 449 is divided by 215?
19
Calculate the remainder when 288 is divided by 211.
77
Calculate the remainder when 60 is divided by 5.
0
Calculate the remainder when 349 is divided by 116.
1
What is the remainder when 383 is divided by 55?
53
What is the remainder when 333 is divided by 31?
23
What is the remainder when 21818 is divided by 10?
8
Calculate the remainder when 28 is divided by 20.
8
Calculate the remainder when 214 is divided by 87.
40
What is the remainder when 214 is divided by 70?
4
Calculate the remainder when 124 is divided by 55.
14
Calculate the remainder when 97 is divided by 38.
21
Calculate the remainder when 276 is divided by 101.
74
What is the remainder when 90 is divided by 13?
12
Calculate the remainder when 3605 is divided by 38.
33
What is the remainder when 26 is divided by 20?
6
What is the remainder when 2105 is divided by 31?
28
What is the remainder when 90 is divided by 32?
26
What is the remainder when 1049 is divided by 70?
69
What is the remainder when 71 is divided by 28?
15
What is the remainder when 540 is divided by 32?
28
What is the remainder when 1983 is divided by 32?
31
What is the remainder when 960 is divided by 163?
145
Calculate the remainder when 482 is divided by 159.
5
Calculate the remainder when 535 is divided by 112.
87
Calculate the remainder when 1797 is divided by 30.
27
What is the remainder when 92 is divided by 31?
30
Calculate the remainder when 91 is divided by 21.
7
What is the remainder when 330 is divided by 306?
24
What is the remainder when 142 is divided by 44?
10
What is the remainder when 4102 is divided by 54?
52
Calculate the remainder when 31521 is divided by 13.
9
Calculate the remainder when 530 is divided by 324.
206
What is the remainder when 83 is divided by 27?
2
Calculate the remainder when 490 is divided by 13.
9
What is the remainder when 2947 is divided by 50?
47
What is the remainder when 464 is divided by 118?
110
Calculate the remainder when 3747 is divided by 198.
183
Calculate the remainder when 24035 is divided by 101.
98
What is the remainder when 172 is divided by 60?
52
What is the remainder when 151 is divided by 31?
27
Calculate the remainder when 180 is divided by 67.
46
What is the remainder when 526 is divided by 143?
97
What is the remainder when 81 is divided by 20?
1
What is the remainder when 286 is divided by 149?
137
What is the remainder when 343 is divided by 35?
28
What is the remainder when 103 is divided by 1